2 and n.
1
Let a(b) = b**3 - 5*b**2 - 5*b + 8. Let x be a(6). Let n(h) = h**2 - 8*h + 12. Let d be n(9). What is the greatest common factor of d and x?
7
Let a = 29 + -49. Let f(z) = 4*z**3 + 3*z - 2. Let m be f(1). Let b be 72/m - (-8)/a. Calculate the greatest common factor of 98 and b.
14
Let j(u) = -u**2 + 8*u - 2. Let g be j(7). Suppose -5*s + 258 + 1982 = 0. Suppose b + s = g*b. What is the highest common divisor of b and 14?
14
Suppose 0 = 3*t + m - 16, 4*m = 8*t - 3*t - 4. Let u(k) = -2*k + 2*k + k + 19*k**3. Let i be u(1). What is the highest common divisor of t and i?
4
Let j be 192/5 + 20/(-50). Suppose 3*i - j = i. Let s = -7 + i. Calculate the highest common divisor of 96 and s.
12
Let y be (68/6)/(6/63). What is the greatest common divisor of y and 17?
17
Let z be (-2 + (-14)/(-3))*54. Calculate the highest common factor of 18 and z.
18
Let y = 29 + -19. Calculate the highest common divisor of y and 10.
10
Suppose 0 = -4*d + 9 + 3, 0 = -n + 2*d - 5. What is the highest common factor of 7 and n?
1
Suppose 3*o = 3*c - 9, 5*c + 2 - 23 = -o. Suppose -c*b = -83 + 15. Calculate the highest common factor of 17 and b.
17
Suppose 5*c = -3*j + 13, 5*c + 0*c = 4*j + 41. Suppose -43 = -c*y + 42. Let a be -1 - (-20 - -1*2). Calculate the greatest common factor of a and y.
17
Let m(b) = -53*b + 1. Let c be m(-1). Suppose 2*j + 7 = 19. Calculate the greatest common factor of c and j.
6
Suppose 2*f - 4*f + 28 = 0. What is the greatest common divisor of f and 98?
14
Suppose -2*d = n - 18, 2*d + 1 = 3. What is the highest common divisor of n and 128?
16
Let l = 0 - 0. Let f(v) = -v**2 + v + 2. Let j be f(l). Let u be 7/6 + 1/(-6). Calculate the greatest common divisor of j and u.
1
Let a be 1/(2/(2 + 14)). Suppose 2*k = -k + 135. Let v be (-4)/(-18) + 710/k. Calculate the greatest common factor of v and a.
8
Suppose 0 = -5*q - 5, 0 = -3*f - 2*q + 52 + 24. Calculate the highest common factor of 104 and f.
26
Let r = 16 - 11. Suppose -2*a + r + 0 = h, 39 = 5*h + 3*a. What is the greatest common divisor of 81 and h?
9
Let t = 57 - 37. What is the highest common divisor of 8 and t?
4
Let a be (-22 - 0)/((-1 - 1)/6). What is the greatest common divisor of a and 11?
11
Let q(b) = 2*b - 7. Let g be q(6). Suppose g*o + 27 = 2, 5*u + 5*o = 45. Calculate the highest common divisor of u and 35.
7
Suppose -4*p + 4 = -8. Let y(q) be the second derivative of 3*q**5/10 - q**4/4 - q**3/6 - 4*q. Let k be y(p). What is the highest common factor of 12 and k?
12
Let s(i) = 3*i**3 - 2*i. Let p be s(2). What is the greatest common divisor of p and 30?
10
Let f(v) = -v**3 - v**2 + v + 30. Let w be f(0). Let g be (0 + 2)/(4/w). Calculate the greatest common factor of g and 5.
5
Let y(d) = d**2 + 14*d - 12. Let u be y(-15). Calculate the greatest common divisor of 6 and u.
3
Let y be 12 - ((-3 - -8) + -3). Let b be -2 + 4 + 264/3. What is the greatest common divisor of y and b?
10
Let c = 29 + 26. What is the highest common divisor of c and 22?
11
Suppose -4*f - z + 493 - 75 = 0, 4*z = -f + 97. What is the highest common factor of f and 63?
21
Let y = 28 - 4. Let u = -10 + y. Calculate the greatest common divisor of 14 and u.
14
Suppose 1167 = 5*b + r, 2*b = 3*r + 58 + 419. What is the greatest common divisor of b and 18?
18
Let b(y) = 71*y**3 + 2*y**2 - 1. Let p be b(1). What is the greatest common factor of 9 and p?
9
Let g = -27 + 55. Calculate the greatest common factor of 42 and g.
14
Let a be 4*17*(-2)/4. Let f = 99 + a. Calculate the greatest common factor of 13 and f.
13
Let p be (-6)/4*12/(-9). Let f(t) = -t**3 - 7*t**2 - 7*t - 1. Let v be f(-6). Calculate the greatest common divisor of v and p.
1
Suppose 146 = -f - 152. Let x = -198 - f. Suppose 0 = -6*z + 2*z + x. Calculate the highest common factor of z and 10.
5
Let g be 3 + (3 - 6) - -3. Suppose 0 = -g*p + 5 + 37. Calculate the greatest common divisor of p and 35.
7
Suppose 0*c + 3*c = 5*x - 379, 0 = -5*x - c + 387. Let h = -157 + x. Let q be -3*2/(-6) - h. Calculate the highest common factor of q and 9.
9
Let y(m) = 11*m**2 - 8*m - 12. Let g be y(-4). Calculate the greatest common factor of g and 28.
28
Let n(x) = -x**3 + 8*x**2 - 10*x + 8. Let p be n(5). Calculate the highest common factor of p and 11.
11
Let a(d) = d**3 + d**2 - d + 14. Let l be a(0). Calculate the highest common divisor of 238 and l.
14
Suppose 0 = 3*o - 192 - 144. What is the highest common factor of o and 16?
16
Suppose 9 = 3*z - l, -l = 3*z + 2*l + 3. Let d be 275/20 + z/8. Suppose 4*g - 2*g - 308 = 0. Calculate the highest common factor of d and g.
14
Let f(c) = 3*c**2 + 2*c - 1. Let s be f(4). Let w(a) = a**2 + a - 1. Let b be w(0). Let u = 23 + b. What is the highest common divisor of s and u?
11
Suppose 5*m - 183 = 232. Let k be m/6 + (-6)/(-36). What is the greatest common factor of k and 14?
14
Let d(h) = -h**3 - 23*h**2 - 22*h + 32. Let m be d(-22). What is the highest common divisor of m and 8?
8
Suppose p = -2*p + 15. Suppose -108 = -3*l + t, -141 = -p*l - 3*t + 39. What is the highest common divisor of 12 and l?
12
Suppose -2*x - 2*z + 10 = -5*z, 2*z + 4 = 0. What is the greatest common divisor of x and 1?
1
Let c = 198 - 70. What is the greatest common factor of c and 16?
16
Let h = 277 - 190. Let y = h + 16. Suppose 5*b - 79 + 19 = -3*f, 0 = -4*f + b + y. Calculate the greatest common factor of 5 and f.
5
Let k(h) = -2*h + 6. Let n be -6 + 4 + (-6)/2. Let b be k(n). Calculate the highest common divisor of b and 2.
2
Suppose 3 - 13 = -5*h - 3*i, h - 15 = 2*i. Let z be (-4)/10 - 454/(-10). What is the highest common divisor of h and z?
5
Let c = 55 + -29. Calculate the highest common divisor of c and 13.
13
Let y be -6*(-2)/(16/28). What is the highest common factor of 63 and y?
21
Suppose 7*c - 58 = 5. Let p(h) = h**3 - 4*h**2 + h - 1. Let x be p(4). Suppose x*g = g + 126. What is the greatest common divisor of g and c?
9
Suppose -l - 3 = -0. Let o be ((-15)/(-2))/l*-6. Calculate the highest common divisor of 5 and o.
5
Let m be (-622)/(-3) + (-15)/45. Suppose -3*x = -5*r - 621, x + r = 2*x - m. Calculate the greatest common divisor of x and 23.
23
Let q(r) = -2*r + 3. Let z be q(-15). Suppose -5 = 5*t, 5*t - 63 = -3*g + 2*t. Calculate the highest common divisor of z and g.
11
Let y = 4 + -2. Let i = 20 + -14. Calculate the greatest common factor of y and i.
2
Let j(m) = m**2 - 11*m + 3. Let t be j(11). What is the greatest common divisor of t and 2?
1
Suppose -2*f + 7*f = -n - 25, 0 = 5*n + f + 5. Let k = n - -2. Let c be (-73)/(-5) + 9/(-15). What is the highest common divisor of c and k?
2
Let l(c) be the first derivative of -c**4/4 + 10*c**3/3 - 7*c**2/2 - 4*c - 1. Let r be l(9). What is the greatest common factor of 14 and r?
14
Let m be (-1 - 1)/((-4)/10). Suppose -m*w - 80 = -300. Let t be -1 + (2 - 1) + 11. Calculate the greatest common divisor of t and w.
11
Suppose -3*v - 123 = -3*d, -2*d + 3*d = -3*v + 37. Suppose 11*t = 6*t + d. Calculate the highest common divisor of 88 and t.
8
Let h = -5 - -9. Suppose h*m = -2 - 2, -2*m - 16 = -2*b. Let x = b - -63. Calculate the greatest common factor of x and 7.
7
Let c = 84 - -69. What is the highest common factor of 17 and c?
17
Let o be ((-1892)/(-16))/(2/8). What is the highest common factor of o and 43?
43
Let m be 1 + 2 - (-196)/14. Let j be 2*-1 + 4 - 0. Suppose b - j*b = -m. Calculate the greatest common divisor of 119 and b.
17
Suppose -69 + 5 = -4*f. Let m be (-4758)/(-27) + 6/(-27). What is the highest common divisor of f and m?
16
Let v(s) = -129*s + 1. Let l(o) = -388*o + 3. Let j(a) = -4*l(a) + 11*v(a). Let h be j(1). Calculate the highest common divisor of h and 12.
12
Let g be (-490)/(-26) + 12/78 + 0. Let l(y) = 13*y**3 - y**2 - 3*y + 1. Let j be l(2). What is the highest common divisor of j and g?
19
Let g(a) = 0*a**3 + a**3 + 2 + 3*a**2 - 2*a + 0*a. Let t be g(-3). Suppose 5*p - 6*f - 366 = -3*f, -f = 2. What is the highest common factor of t and p?
8
Suppose 0 = -4*o - 8, 5*n = -0*o + 3*o + 81. What is the greatest common divisor of 45 and n?
15
Let h = 1 + 12. Let o be 8/(-4) + 13 + 2. What is the greatest common divisor of o and h?
13
Let z = -86 - -156. Calculate the greatest common divisor of z and 5.
5
Let q(d) = d**2 - 4*d - 1. Let f be q(5). 